-6 - 60?
-66
In base 2, what is 100100 - -10111?
111011
In base 13, what is -1066 + 3?
-1063
In base 3, what is 12 + 102?
121
In base 8, what is 5 + 130?
135
In base 7, what is -1446 + 6?
-1440
In base 15, what is 1 + -12?
-11
In base 10, what is -67 - 1?
-68
In base 5, what is -3 + -110?
-113
In base 13, what is 1 - 9?
-8
In base 10, what is -34 + -40?
-74
In base 15, what is 3 - 23c?
-239
In base 16, what is -3 + 1e1?
1de
In base 12, what is -8 - -1ba?
1b2
In base 2, what is -100 - -1001100111?
1001100011
In base 9, what is 0 + 334?
334
In base 14, what is -1483 - 4?
-1487
In base 4, what is -100313 - 0?
-100313
In base 14, what is -27 - 0?
-27
In base 6, what is 1241 - 3?
1234
In base 6, what is 5332 - -5?
5341
In base 9, what is 3 - -37?
41
In base 8, what is -10644 + 2?
-10642
In base 4, what is 1 + 111?
112
In base 15, what is a9 - 88?
21
In base 2, what is -111001101 - 10?
-111001111
In base 12, what is -89 + 4?
-85
In base 15, what is 1 + -4e?
-4d
In base 12, what is -5222 + 5?
-5219
In base 15, what is 0 - -18?
18
In base 13, what is -6c4 + 3?
-6c1
In base 5, what is -20441 - 0?
-20441
In base 14, what is -5 - -3d?
38
In base 14, what is -a - -19?
d
In base 2, what is -11011100 + 1000?
-11010100
In base 16, what is -4 - 5?
-9
In base 4, what is 2030 - -2?
2032
In base 16, what is -1 - -61d?
61c
In base 13, what is 41 - -17?
58
In base 14, what is -2 + -68?
-6a
In base 11, what is 3 + 122?
125
In base 15, what is 6 - -56?
5c
In base 3, what is 10 + 11210?
11220
In base 12, what is -3a9 - 5?
-3b2
In base 2, what is -1 + 101110?
101101
In base 14, what is 13 - 4?
d
In base 13, what is cb + 8?
106
In base 5, what is -2110 + -21?
-2131
In base 6, what is 4304 - 3?
4301
In base 6, what is 445 + -5?
440
In base 13, what is 1956 + 0?
1956
In base 13, what is -83 + -4?
-87
In base 15, what is 6 + -41e?
-418
In base 5, what is 4 + 122?
131
In base 10, what is 14834 - 1?
14833
In base 16, what is 4 + 3c?
40
In base 11, what is -1 + 22?
21
In base 11, what is -42 - -4?
-39
In base 16, what is 1 + 1d?
1e
In base 7, what is 2 - 1100?
-1065
In base 3, what is -20 + 1121?
1101
In base 15, what is 5 - 316?
-311
In base 2, what is -10 - 10000100?
-10000110
In base 14, what is 38 - -4?
3c
In base 3, what is 1 + -20?
-12
In base 3, what is 22 + 122?
221
In base 12, what is 1 - 799?
-798
In base 2, what is -10001 - -1110001100?
1101111011
In base 6, what is 5 - -12?
21
In base 15, what is -129 - -4?
-125
In base 2, what is 0 + -1110?
-1110
In base 16, what is -f0 - 0?
-f0
In base 7, what is -5 + -31?
-36
In base 2, what is -11 - 1101111110?
-1110000001
In base 3, what is -1201 + -10012?
-11220
In base 13, what is -6 + 1b1?
1a8
In base 7, what is -5632 + -2?
-5634
In base 9, what is -1 - 5?
-6
In base 14, what is -3 + 38?
35
In base 10, what is -9 + 1468?
1459
In base 8, what is 11 + -32?
-21
In base 3, what is 11 + 21001?
21012
In base 13, what is -8 - -5?
-3
In base 4, what is 11 + 121?
132
In base 6, what is -5 + -155?
-204
In base 5, what is -303 - -301?
-2
In base 14, what is -120 - 5?
-125
In base 16, what is -4 + -2?
-6
In base 5, what is 2 - 13433?
-13431
In base 11, what is 2 + 93?
95
In base 2, what is 11101100010 - 101?
11101011101
In base 15, what is c - 262?
-255
In base 10, what is 245 + -2?
243
In base 5, what is 320 + -20?
300
In base 14, what is -d - 5?
-14
In base 4, what is 13323 + 2?
13331
In base 14, what is 13 - -125?
138
In base 5, what is -3 - -1034?
1031
In base 3, what is -1000 + 101?
-122
In base 11, what is 8 - -21?
29
In base 11, what is -25 + -11?
-36
In base 6, what is 1041 + -203?
434
In base 4, what is -11 - 100?
-111
In base 4, what is 32311 + 1?
32312
In base 6, what is -11013 - 3?
-11020
In base 6, what is 1 + 11300?
11301
In base 7, what is 2555 - 0?
2555
In base 12, what is 2650 + -2?
264a
In base 14, what is -5 - -32?
2b
In base 2, what is 111011 + -101010?
10001
In base 14, what is 1 + 152?
153
In base 3, what is 21001 + 1?
21002
In base 8, what is 2 + -125?
-123
In base 8, what is -153 - -4?
-147
In base 10, what is 1 - -24?
25
In base 14, what is 57 - 11?
46
In base 3, what is -22222 + -11?
-100010
In base 7, what is 11 - -13?
24
In base 11, what is -139 - -4?
-135
In base 4, what is 13 - -22?
101
In base 13, what is -3362 - 3?
-3365
In base 4, what is 22 - -30130?
30212
In base 12, what is 6a4 + 0?
6a4
In base 2, what is 110001101 - -110110?
111000011
In base 13, what is 6a0 + -3?
69a
In base 5, what is -4 - -132?
123
In base 5, what is -30 - -13?
-12
In base 11, what is 5 - 245?
-240
In base 8, what is 12021 + 0?
12021
In base 8, what is 7554 - -2?
7556
In base 3, what is -1 + -11100?
-11101
In base 9, what is -151 - 2?
-153
In base 9, what is 7780 + 4?
7784
In base 15, what is -583 - 4?
-587
In base 7, what is -1 - 11?
-12
In base 9, what is -666 + -20?
-686
In base 3, what is 111222 + -2?
111220
In base 10, what is -2 + 78?
76
In base 3, what is -10 + 21202?
21122
In base 8, what is -1 + 302?
301
In base 11, what is 1 + 98?
99
In base 15, what is 0 - -1b?
1b
In base 16, what is 1 + 2b?
2c
In base 8, what is 1 - -140?
141
In base 6, what is -1 - -1000?
555
In base 5, what is -2 - 10324?
-10331
In base 7, what is -24 - -1306?
1252
In base 10, what is 30 - 9?
21
In base 13, what is -4c - 3?
-52
In base 14, what is 3 + -1d?
-1a
In base 12, what is 3 - 34?
-31
In base 13, what is -7b + -b?
-89
In base 9, what is -1173 + -17?
-1201
In base 7, what is 1 + 5?
6
In base 9, what is 8 - -2?
11
In base 15, what is 1bb + 1?
1bc
In base 3, what is -122100222 - 12?
-122101011
In base 11, what is -2 + 27?
25
In base 5, what is 100 - -10?
110
In base 15, what is -1e - -2b?
c
In base 16, what is 1a + 7?
21
In base 8, what is 10 - -663?
673
In base 7, what is 103 - 2?
101
In base 3, what is -1 + -2021?
-2022
In base 12, what is 3 + -6?
-3
In base 7, what is -24 + 32?
5
In base 6, what is 54034 + 3?
54041
In base 8, what is 21204 + 5?
21211
In base 10, what is 9 + -3?
6
In base 13, what is -41a + 5?
-415
In base 7, what is -121324 - 5?
-121332
In base 9, what is -403 - 2?
-405
In base 16, what is -5696 - 0?
-5696
In base 8, what is 11 - -316?
327
In base 6, what is -3110 - 5?
-3115
In base 6, what is 1 + 5314?
5315
In base 8, what is -24 - -123?
77
In base 11, what is 531 - -5?
536
In base 12, what is -6a2 - -3?
-69b
In base 3, what is 10 + -11200?
-11120
In base 3, what is -111011 - -11?
-111000
In base 5, what is -1023 - -3?
-1020
In base 7, what is -13 - 32?
-45
In base 8, what is -3 - 11?
-14
In base 5, what is 113 + -14?
44
In base 11, what is -55 + -6a?
-114
In base 16, what is 4 - 994?
-990
In base 13, what is -ab52 + 5?
-ab4a
In base 9, what is -25 - 6?
-32
In base 4, what is 203302 - 2?
203300
In base 11, what is 83 - -145?
218
In base 5, what is 220 + -200?
20
In base 3, what is 1021 - 120?
201
In base 9, what is 4441 + -4?
4436
In base 7, what is -5 - 4516?
-4524
In base 16, what is f39 + 4?
f3d
In base 10, what is 192 + -2?
190
In base 16, what is -2d2 - 3?
-2d5
In base 5, what is -14 - 11?
-30
In base 7, what is -166 + 6?
-160
In base 8, what is -166 - -60?
-106
In base 10, what is 3 + 159?
162
In base 5, what is -1 - 2313?
-2314
In base 7, what is 326 + 2?
331
In base 9, what is -1451 - -2?
-1448
In base 9, what is 1688 + 5?
1704
In base 9, what is -715 - -3?
-712
In base 4, what is 1 - 0?
1
In base 3, what is -111212 - 22?
-112011
In base 9, what is 48711 + 2?
48713
In base 7, what is 35 + 0?
35
In base 7, what is 1611 + 0?
1611
In base 13, what is -22 + 135?
113
In base 16, what is 5 - -46?
4b
In base 11, what is 4 + -2?
2
In base 15, what is 4 - -d38?
d3c
In base 14, what is -1c + -1a0?
-1bc
In base 14, what is -1b1 + 12?
-19d
In base 12, what is -6 - -96a?
964
In base 4, what is 13 + 10323?
11002
In base 16, what is 120b + 5?
1210
In base 14, what is 5aab + 4?
5ab1
In base 11, what is 1 + -578?
-577
In base 14, what is 2 - -2d?
31
In base 14, what is -77a + -1?
-77b
In base 6, what is -43235 + -2?
-43241
In base 12, what is -165 + -3?
-168
In base 2, what is 111110 - 1111?
101111
In base 6, what is -2355 + -11?
-2410
In base 8, what is 101 + -4?
75
In base 4, what is 31310 - -10?
31320
In base 11, what is -62 + -7?
-69
In base 4, what is 3 + -13?
-10
In base 16, what is -3c + 1?
-3b
In base 3, what is 120101